Calculate the greatest common divisor of 1224 and 82620.
612
What is the highest common divisor of 495 and 4545?
45
Calculate the highest common factor of 17459 and 306.
17
Calculate the greatest common factor of 2484 and 432648.
108
Calculate the greatest common factor of 1 and 9410.
1
What is the greatest common divisor of 1770023 and 68?
17
Calculate the greatest common factor of 124 and 182373.
31
Calculate the highest common factor of 14571 and 3.
3
What is the highest common factor of 44780 and 20?
20
Calculate the greatest common divisor of 5198646 and 654.
654
Calculate the greatest common divisor of 84 and 4830630.
42
What is the greatest common factor of 1616862 and 546?
78
What is the highest common factor of 330 and 216590?
110
What is the greatest common divisor of 21 and 187446?
21
Calculate the greatest common factor of 134 and 654925.
67
What is the highest common factor of 270340 and 1330?
70
Calculate the greatest common divisor of 73242 and 90.
18
Calculate the highest common factor of 329337 and 259.
37
Calculate the highest common factor of 21 and 143997.
21
What is the highest common factor of 71997 and 309?
309
What is the highest common divisor of 14433 and 26673?
51
What is the greatest common divisor of 100962 and 145692?
1278
What is the highest common divisor of 45150 and 51772?
602
What is the highest common factor of 432000 and 8320?
640
What is the highest common divisor of 102869 and 82?
41
What is the greatest common factor of 144 and 499716?
36
What is the greatest common factor of 609955 and 387?
43
What is the greatest common factor of 1755 and 17173?
13
Calculate the greatest common divisor of 1233 and 15984.
9
Calculate the highest common factor of 24 and 136464.
24
What is the highest common factor of 13 and 1414751?
13
Calculate the greatest common factor of 1515217 and 69.
23
What is the greatest common factor of 497 and 49?
7
Calculate the highest common factor of 13197 and 265.
53
What is the highest common divisor of 6464 and 2525?
101
What is the highest common divisor of 86 and 327703?
43
Calculate the greatest common factor of 11 and 74767.
11
What is the greatest common divisor of 12 and 18597?
3
Calculate the highest common divisor of 213345 and 990.
495
What is the highest common factor of 680 and 25432?
136
What is the greatest common factor of 250 and 349750?
250
Calculate the highest common divisor of 4 and 117772.
4
Calculate the greatest common factor of 162322 and 2216.
554
Calculate the highest common divisor of 52 and 741.
13
What is the greatest common divisor of 7104 and 13008?
48
Calculate the highest common divisor of 174 and 32973.
87
What is the greatest common divisor of 2700 and 39132?
36
Calculate the greatest common divisor of 10543537 and 19.
19
Calculate the highest common divisor of 4408 and 28536.
232
Calculate the greatest common divisor of 1303924 and 10136.
724
Calculate the highest common divisor of 5999826 and 1932.
966
What is the highest common factor of 12989 and 8246?
31
Calculate the highest common factor of 504 and 42980.
28
Calculate the greatest common factor of 62063 and 147546.
1171
What is the highest common factor of 160 and 14380?
20
Calculate the greatest common divisor of 7074075 and 75.
75
Calculate the greatest common factor of 33 and 260535.
33
What is the highest common divisor of 205080 and 120?
120
Calculate the highest common divisor of 848 and 142676.
212
Calculate the greatest common factor of 94083 and 517.
11
Calculate the highest common factor of 112 and 22820.
28
What is the greatest common divisor of 73837 and 141?
47
Calculate the highest common factor of 2706 and 4246.
22
Calculate the greatest common factor of 175801 and 527.
31
What is the highest common factor of 46 and 27876?
46
Calculate the highest common factor of 52 and 796.
4
What is the highest common factor of 517576 and 2728?
248
Calculate the greatest common divisor of 924 and 22484.
308
Calculate the highest common divisor of 29124 and 12.
12
What is the greatest common divisor of 2247 and 519806?
749
What is the highest common factor of 1581 and 282472?
527
What is the highest common divisor of 3948 and 798?
42
What is the highest common factor of 573 and 16808?
191
Calculate the greatest common divisor of 56 and 2556.
4
Calculate the greatest common factor of 2417894 and 3544.
886
Calculate the greatest common factor of 15770 and 266.
38
Calculate the greatest common divisor of 2867 and 188.
47
Calculate the highest common divisor of 248600 and 40.
40
Calculate the greatest common divisor of 362592 and 72.
72
Calculate the greatest common divisor of 525 and 1691725.
175
What is the highest common factor of 5553 and 37637?
617
What is the greatest common divisor of 48696 and 48?
24
What is the greatest common factor of 1357374 and 174?
174
Calculate the greatest common divisor of 19904 and 7775.
311
Calculate the greatest common factor of 7719 and 1743.
249
Calculate the highest common divisor of 48 and 26988.
12
Calculate the greatest common divisor of 28752 and 3216.
48
What is the highest common factor of 106 and 39142?
2
Calculate the highest common factor of 365695 and 763.
109
Calculate the highest common factor of 520410 and 171.
57
Calculate the highest common factor of 162 and 11259.
81
Calculate the highest common divisor of 2042796 and 14.
14
What is the highest common divisor of 10817 and 261?
29
What is the highest common factor of 164 and 41164?
164
Calculate the highest common divisor of 96930 and 135.
135
What is the highest common factor of 3795 and 667?
23
Calculate the highest common factor of 2254 and 195937.
161
Calculate the highest common divisor of 6125 and 25970.
245
What is the highest common divisor of 9594883 and 166?
83
Calculate the highest common factor of 1012 and 590755.
253
What is the highest common factor of 19 and 82783?
19
What is the greatest common factor of 3808274 and 158?
158
What is the highest common divisor of 47663 and 1375?
11
Calculate the highest common divisor of 32 and 39.
1
Calculate the highest common factor of 3858 and 1451894.
1286
Calculate the highest common divisor of 26345 and 176.
11
What is the greatest common divisor of 30 and 32118?
6
Calculate the highest common factor of 26741 and 2992.
187
What is the highest common factor of 131 and 30523?
131
What is the highest common divisor of 5160 and 1107465?
645
Calculate the highest common factor of 22748 and 8833.
121
Calculate the greatest common divisor of 29630 and 290.
10
What is the highest common factor of 131789 and 281?
281
Calculate the highest common divisor of 70905 and 1305.
435
What is the highest common factor of 234771 and 15201?
1689
What is the highest common factor of 76 and 18796?
4
What is the greatest common factor of 140 and 256130?
70
Calculate the highest common divisor of 408 and 21369.
51
What is the highest common divisor of 7 and 1240?
1
What is the greatest common factor of 24 and 12327?
3
What is the highest common factor of 12 and 4569?
3
What is the greatest common divisor of 5148 and 1342?
22
Calculate the greatest common divisor of 3795 and 1496.
11
Calculate the greatest common divisor of 120 and 2808.
24
Calculate the highest common factor of 52 and 56966.
26
What is the highest common factor of 7242 and 646?
34
What is the greatest common divisor of 1558 and 11603?
41
Calculate the greatest common factor of 405090 and 126.
126
What is the highest common divisor of 618397 and 52?
13
Calculate the greatest common divisor of 97232 and 177.
59
Calculate the greatest common divisor of 76930 and 2205.
245
Calculate the highest common factor of 221 and 152555.
13
What is the highest common factor of 1559724 and 24?
12
Calculate the greatest common factor of 2480775 and 4092.
1023
What is the highest common factor of 319965 and 415?
415
What is the highest common factor of 426 and 7455?
213
What is the highest common factor of 10 and 2803460?
10
Calculate the highest common divisor of 190 and 5965430.
190
What is the highest common divisor of 3146 and 10340?
22
Calculate the greatest common factor of 12876 and 2748.
12
What is the highest common divisor of 10284 and 12?
12
What is the greatest common divisor of 60 and 3276810?
30
